{"id":124,"date":"2021-11-25T17:39:23","date_gmt":"2021-11-25T17:39:23","guid":{"rendered":"https:\/\/pauksciutakas.eu\/?post_type=product&#038;p=124"},"modified":"2026-03-18T06:39:07","modified_gmt":"2026-03-18T06:39:07","slug":"vaikams-iki-12-metu-bilietas","status":"publish","type":"product","link":"https:\/\/pauksciutakas.eu\/index.php\/product\/vaikams-iki-12-metu-bilietas\/","title":{"rendered":"Vaikams iki 12 met\u0173 bilietas"},"content":{"rendered":"","protected":false},"excerpt":{"rendered":"<p>Bilietas \u012f COSMOS PAUK\u0160\u010cI\u0172 TAK\u0104 vienam vaikui iki 12 met\u0173 am\u017eiaus. &hellip; <\/p>\n<p><span class=\"more-link\"><a href=\"https:\/\/pauksciutakas.eu\/index.php\/product\/vaikams-iki-12-metu-bilietas\/\" class=\"readmore\">Continue reading<span class=\"screen-reader-text\">Vaikams iki 12 met\u0173 bilietas<\/span><\/a><\/span><\/p>\n","protected":false},"featured_media":187,"template":"","meta":{"om_disable_all_campaigns":false,"_monsterinsights_skip_tracking":false,"_monsterinsights_sitenote_active":false,"_monsterinsights_sitenote_note":"","_monsterinsights_sitenote_category":0,"spay_email":""},"product_cat":[20],"product_tag":[],"jetpack-related-posts":[{"id":119,"url":"https:\/\/pauksciutakas.eu\/index.php\/product\/suaugusiojo-bilietas\/","url_meta":{"origin":124,"position":0},"title":"Suaugusiojo bilietas","date":"25 lapkri\u010dio, 2021","format":false,"excerpt":"\u012e\u0117jimas \u012f COSMOS PAUK\u0160\u010cI\u0172 TAK\u0104 vienam suaugusiajam.","rel":"","context":"Similar post","img":{"alt_text":"","src":"https:\/\/i2.wp.com\/pauksciutakas.eu\/wp-content\/uploads\/2021\/11\/cosmos-ticket5.png?resize=350%2C200&ssl=1","width":350,"height":200},"classes":[]}],"_links":{"self":[{"href":"https:\/\/pauksciutakas.eu\/index.php\/wp-json\/wp\/v2\/product\/124"}],"collection":[{"href":"https:\/\/pauksciutakas.eu\/index.php\/wp-json\/wp\/v2\/product"}],"about":[{"href":"https:\/\/pauksciutakas.eu\/index.php\/wp-json\/wp\/v2\/types\/product"}],"wp:featuredmedia":[{"embeddable":true,"href":"https:\/\/pauksciutakas.eu\/index.php\/wp-json\/wp\/v2\/media\/187"}],"wp:attachment":[{"href":"https:\/\/pauksciutakas.eu\/index.php\/wp-json\/wp\/v2\/media?parent=124"}],"wp:term":[{"taxonomy":"product_cat","embeddable":true,"href":"https:\/\/pauksciutakas.eu\/index.php\/wp-json\/wp\/v2\/product_cat?post=124"},{"taxonomy":"product_tag","embeddable":true,"href":"https:\/\/pauksciutakas.eu\/index.php\/wp-json\/wp\/v2\/product_tag?post=124"}],"curies":[{"name":"wp","href":"https:\/\/api.w.org\/{rel}","templated":true}]}}