{"id":23,"date":"2021-09-13T11:02:30","date_gmt":"2021-09-13T11:02:30","guid":{"rendered":"https:\/\/pauksciutakas.eu\/?page_id=23"},"modified":"2026-04-27T13:16:53","modified_gmt":"2026-04-27T13:16:53","slug":"kur-mus-rasti","status":"publish","type":"page","link":"https:\/\/pauksciutakas.eu\/","title":{"rendered":"KUR MUS RASTI?"},"content":{"rendered":"\n<p>Anyk\u0161\u010di\u0173 miesto centre &#8211; K. Donelai\u010dio g. 7, Anyk\u0161\u010diai. <br><\/p>\n\n\n\n<p>\u0160iuo metu bilietus galima \u012fsigyti tik internetu.<\/p>\n\n\n\n<p>Atvyk\u0119 nurodytu adresu sekite nuorodas esan\u010dias teritorijoje.<\/p>\n\n\n\n<iframe src=\"https:\/\/www.google.com\/maps\/embed?pb=!1m18!1m12!1m3!1d391.866913072862!2d25.106144762701145!3d55.523570597005154!2m3!1f0!2f0!3f0!3m2!1i1024!2i768!4f13.1!3m3!1m2!1s0x46e7e92db1d7a5db%3A0xb29dda4df9104422!2zIkNvc21vcyIgUGF1a8WhxI1pxbMgdGFrYXM!5e0!3m2!1slt!2slt!4v1772276084312!5m2!1slt!2slt\" width=\"650\" height=\"250\" style=\"border:0;\" allowfullscreen=\"\" loading=\"lazy\" referrerpolicy=\"no-referrer-when-downgrade\"><\/iframe>\n\n\n\n<div class=\"wp-block-buttons\">\n<div class=\"wp-block-button\"><a class=\"wp-block-button__link\" href=\"https:\/\/pauksciutakas.eu\/index.php\/bilietai-internetu\/\">PIRKTI BILIETUS<\/a><\/div>\n<\/div>\n","protected":false},"excerpt":{"rendered":"<p>Anyk\u0161\u010di\u0173 miesto centre &#8211; K. Donelai\u010dio g. 7, Anyk\u0161\u010diai. \u0160iuo metu bilietus galima \u012fsigyti tik internetu. Atvyk\u0119 nurodytu adresu sekite<\/p>\n<p><span class=\"more-link\"><a href=\"https:\/\/pauksciutakas.eu\/\" class=\"readmore\">Continue reading<span class=\"screen-reader-text\">KUR MUS RASTI?<\/span><\/a><\/span><\/p>\n","protected":false},"author":1,"featured_media":0,"parent":0,"menu_order":0,"comment_status":"closed","ping_status":"closed","template":"","meta":{"om_disable_all_campaigns":false,"_monsterinsights_skip_tracking":false,"_monsterinsights_sitenote_active":false,"_monsterinsights_sitenote_note":"","_monsterinsights_sitenote_category":0,"spay_email":""},"jetpack-related-posts":[{"id":21,"url":"https:\/\/pauksciutakas.eu\/index.php\/apie\/","url_meta":{"origin":23,"position":0},"title":"APIE","date":"13 rugs\u0117jo, 2021","format":false,"excerpt":"\"COSMOS Pauk\u0161\u010di\u0173 takas\" \u012fsik\u016br\u0119s Anyk\u0161\u010di\u0173 miesto centre nuo 2015 m. gruod\u017eio 18 d. Tai veidrod\u017ei\u0173 kambarys, kuriame sukuriamas begalyb\u0117s poj\u016btis pasitelkiant \u0161viesos elementus, viduje girdimi \u017eem\u0117s elektromagnetiniai virpesiai paversti garsu. Element\u0173 visuma sukuria kosmoso erdv\u0117s jausm\u0105. Atvykus \u012f COSMOS Pauk\u0161\u010di\u0173 Tak\u0105 rekomenduojame fotografuoti nenaudojant blykst\u0117s. \u0160ioje ne\u012fprastoje erdv\u0117je galima rengti\u2026","rel":"","context":"Similar post","img":{"alt_text":"","src":"","width":0,"height":0},"classes":[]},{"id":100,"url":"https:\/\/pauksciutakas.eu\/index.php\/bilietu-taisykles\/","url_meta":{"origin":23,"position":1},"title":"Biliet\u0173 internetu pirkimo taisykl\u0117s","date":"19 gruod\u017eio, 2021","format":false,"excerpt":"\u00a71 Bendrosios nuostatos \u0160ios s\u0105lygos (\u201eS\u0105lygos\u201c) nustato grupini\u0173 ir individuali\u0173 biliet\u0173 \u012f \u201eCosmos Pauk\u0161\u010di\u0173 takas\u201c (Dariaus ir Gir\u0117no g. 8, Anyk\u0161\u010diai) si\u016blomus lankytinus objektus, toliau \u2013 \u201eMuziejus\u201c, pirkimo internetu taisykles. 2. Bilietai perkami internetu https:\/\/pauksciutakas.eu\/index.php\/bilietai-internetu\/ o \u012fsigijimas rei\u0161kia, kad pirk\u0117jas sutinka su pramogos, \u012f kuri\u0105 perkamas bilietas, lankytoj\u0173 taisykl\u0117mis. 3.\u2026","rel":"","context":"Similar post","img":{"alt_text":"","src":"","width":0,"height":0},"classes":[]},{"id":208,"url":"https:\/\/pauksciutakas.eu\/index.php\/privatumo-politika\/","url_meta":{"origin":23,"position":2},"title":"Privatumo politika","date":"19 gruod\u017eio, 2021","format":false,"excerpt":"\u0160i privatumo politika nustato www.pauksciutakas.eu (toliau \u2013 Svetain\u0117) vartotoj\u0173 informacijos, \u012fskaitant asmens duomenis, rinkimo, tvarkymo ir naudojimo principus. 2. Svetain\u0117s naudotoj\u0173 duomenis tvarko MB \u201eTraukos sl\u0117nis\u201c, kurio buvein\u0117 yra \u0160eimyni\u0161k\u0117liai, Elmos 9-oji, 23, Anyk\u0161\u010di\u0173 r. (toliau \u2013 \u201eCosmos Pauk\u0161\u010di\u0173 takas\u201c). 3. Privatumo apsaug\u0105, \u012fskaitant Svetain\u0117s vartotoj\u0173 asmens duomen\u0173 apsaug\u0105, tvarko\u2026","rel":"","context":"Similar post","img":{"alt_text":"","src":"","width":0,"height":0},"classes":[]}],"_links":{"self":[{"href":"https:\/\/pauksciutakas.eu\/index.php\/wp-json\/wp\/v2\/pages\/23"}],"collection":[{"href":"https:\/\/pauksciutakas.eu\/index.php\/wp-json\/wp\/v2\/pages"}],"about":[{"href":"https:\/\/pauksciutakas.eu\/index.php\/wp-json\/wp\/v2\/types\/page"}],"author":[{"embeddable":true,"href":"https:\/\/pauksciutakas.eu\/index.php\/wp-json\/wp\/v2\/users\/1"}],"replies":[{"embeddable":true,"href":"https:\/\/pauksciutakas.eu\/index.php\/wp-json\/wp\/v2\/comments?post=23"}],"version-history":[{"count":20,"href":"https:\/\/pauksciutakas.eu\/index.php\/wp-json\/wp\/v2\/pages\/23\/revisions"}],"predecessor-version":[{"id":965,"href":"https:\/\/pauksciutakas.eu\/index.php\/wp-json\/wp\/v2\/pages\/23\/revisions\/965"}],"wp:attachment":[{"href":"https:\/\/pauksciutakas.eu\/index.php\/wp-json\/wp\/v2\/media?parent=23"}],"curies":[{"name":"wp","href":"https:\/\/api.w.org\/{rel}","templated":true}]}}